 -1002?
11333232013
In base 5, what is -311 + 1001104300?
1001103434
In base 3, what is -2 + -21122012200020?
-21122012200022
In base 2, what is -10 + 111011000111101100001000?
111011000111101100000110
In base 13, what is -386 + a67?
6b1
In base 13, what is -2 - -7443c2?
7443c0
In base 14, what is 152586 + -177?
15240d
In base 12, what is 74 + -30b319?
-30b265
In base 4, what is -1111202210 - 1301?
-1111210111
In base 6, what is 21301122 - -244?
21301410
In base 12, what is -2961 + 1196?
-1787
In base 12, what is -48831a4 + -1?
-48831a5
In base 13, what is -25 + 6511a?
650c5
In base 14, what is 323172 + -10?
323162
In base 10, what is 13 - 1449626?
-1449613
In base 10, what is -14 - -2807974?
2807960
In base 5, what is -104 + -1221221210?
-1221221314
In base 3, what is 1220001221212122 - 201?
1220001221211221
In base 4, what is -20323 + -120323?
-201312
In base 2, what is 101010010000111000000101100 - 11?
101010010000111000000101001
In base 13, what is 1350 - -5660?
69b0
In base 13, what is -7 - -120741?
120737
In base 2, what is -10011111100010011000001100000 - 11?
-10011111100010011000001100011
In base 6, what is 10532314 - 100?
10532214
In base 16, what is 7a3 + -ba?
6e9
In base 5, what is 113300324 + 24?
113300403
In base 12, what is 1238a9 + -305?
1235a4
In base 14, what is -2 + 8d6d31?
8d6d2d
In base 11, what is 14 + -897003?
-896a9a
In base 11, what is -2 - 18a55465?
-18a55467
In base 7, what is -212251443 - -1?
-212251442
In base 2, what is 101110010110001 + -10000000?
101110000110001
In base 11, what is -23 + 170aa9a1?
170aa979
In base 14, what is 4c + -2546?
-24d8
In base 13, what is 1b - 25378bc?
-25378a1
In base 10, what is 3 + -123167403?
-123167400
In base 4, what is -1312131 + 12213233?
10301102
In base 5, what is -111222341 + 141?
-111222200
In base 5, what is -101414001 - -201?
-101413300
In base 3, what is 221122220021012 - 11?
221122220021001
In base 16, what is 15 + -29b9fd?
-29b9e8
In base 13, what is 2557b6 + -24a?
255569
In base 11, what is -8393975 - -1?
-8393974
In base 15, what is -2d0d + 370?
-298d
In base 13, what is 0 + 34b88a6?
34b88a6
In base 11, what is 0 + -3280534?
-3280534
In base 6, what is 122101 + 24410?
150511
In base 8, what is 3476053 + -26?
3476025
In base 12, what is -10338 - -272?
-10086
In base 15, what is -4 + 1ec5?
1ec1
In base 8, what is -14324302 + -76?
-14324400
In base 7, what is 654421 - 241?
654150
In base 15, what is -121e - 2501?
-3720
In base 11, what is -705 + 126a61?
126357
In base 8, what is -4 + 4153735?
4153731
In base 11, what is 95 - -1924809?
19248a3
In base 5, what is -124 + 2240332203?
2240332024
In base 4, what is 112121302120 + 212?
112121302332
In base 11, what is -5843506 - 5?
-5843510
In base 10, what is -22869 + 584?
-22285
In base 12, what is 1548 + 35?
1581
In base 6, what is -114432 - -3151?
-111241
In base 15, what is 309 + -15674?
-1536a
In base 8, what is -77 - -1150525?
1150426
In base 16, what is 222fe7 - 238?
222daf
In base 2, what is 10000010001011 + -1101011000?
1110100110011
In base 8, what is -12242564 - 12?
-12242576
In base 13, what is -98 - 2127a?
-21345
In base 7, what is 2 + 12056116615?
12056116620
In base 6, what is -350 + 204103230?
204102440
In base 14, what is 4 - 906a05?
-906a01
In base 13, what is -12ba - -4b?
-126c
In base 5, what is 3 + -3411341204?
-3411341201
In base 7, what is -1540131 - -13?
-1540115
In base 16, what is -97260b + 2?
-972609
In base 10, what is 56 + 58654?
58710
In base 16, what is -13 - 1807fa?
-18080d
In base 2, what is -10100011100100111001100 - -11?
-10100011100100111001001
In base 4, what is 1130331322 + 22311?
1131020233
In base 12, what is -27a1 + 292?
-250b
In base 3, what is -11211201 + -2100002111?
-2111221012
In base 3, what is 201120011111 + 22?
201120011210
In base 2, what is -100001111100100 + 1000?
-100001111011100
In base 11, what is -157712565 - -2?
-157712563
In base 8, what is 763267 - 27?
763240
In base 9, what is -115 - 13752808?
-13753024
In base 10, what is 1281091 - 3?
1281088
In base 10, what is -493023 + 6?
-493017
In base 2, what is 0 - 100010010101010110101011?
-100010010101010110101011
In base 9, what is -3544288 - 1?
-3544300
In base 4, what is -2221032021333 + -2?
-2221032022001
In base 5, what is 223423231 - 142?
223423034
In base 9, what is 483803460 + 5?
483803465
In base 4, what is 131011333 + 232?
131012231
In base 11, what is 2a8 - -8261?
8559
In base 15, what is 3 - 7405ec7?
-7405ec4
In base 2, what is -10010100101 - 1000111110001110?
-1001010000110011
In base 8, what is -20705636 + -15?
-20705653
In base 2, what is 10001100000011101 - 111010111?
10001011001000110
In base 16, what is 0 + -3e6132?
-3e6132
In base 7, what is 125351354 - -3?
125351360
In base 5, what is 1002 - -1322423403?
1322424410
In base 11, what is 59 - 7462?
-7404
In base 12, what is -ab6b308 + -a?
-ab6b316
In base 14, what is -1612c - -358?
-15bb4
In base 4, what is 21312031 + 1002?
21313033
In base 2, what is -101110001110110010010 - -11?
-101110001110110001111
In base 13, what is -8742b536 - -5?
-8742b531
In base 16, what is 1208c8 - 5f?
120869
In base 8, what is -71513370 - 7?
-71513377
In base 14, what is 13324 - -11b3?
144d7
In base 15, what is -193b5b - 201?
-193d5c
In base 9, what is -5 + -11772328?
-11772334
In base 13, what is -2526c0 - 10?
-252700
In base 3, what is 1000100 + -221101001?
-220100201
In base 7, what is -105634625 - -40?
-105634555
In base 9, what is -712 + -1031721?
-1032533
In base 15, what is 16648 - 80?
165b8
In base 7, what is 1466061104 + 0?
1466061104
In base 6, what is 4 + 3535541524?
3535541532
In base 15, what is -664 + 114b?
9d7
In base 9, what is 406218772 + -4?
406218767
In base 6, what is 341 - 11553131?
-11552350
In base 13, what is -b5 - -3b379?
3b294
In base 15, what is 19 - 3d2a7?
-3d28d
In base 3, what is 1110122020100000 + 122?
1110122020100122
In base 8, what is -1206251 + 24?
-1206225
In base 8, what is -354213677 - 6?
-354213705
In base 11, what is -5 + -38803403?
-38803408
In base 6, what is 1155 + -5510?
-4311
In base 8, what is -1772 + 13745?
11753
In base 5, what is 442102 + -1231?
440321
In base 2, what is -1110010101100101111001110 - 11?
-1110010101100101111010001
In base 7, what is 13564401634 - -4?
13564401641
In base 7, what is -6101423 - -266?
-6101124
In base 10, what is 3 + -120739281?
-120739278
In base 7, what is 4466161 + -536?
4465322
In base 14, what is 3 + -3348a9ac?
-3348a9a9
In base 12, what is -721b9446 - 4?
-721b944a
In base 2, what is 11010111011101 - -101011101101101?
1000110101001010
In base 16, what is -3cce2 + -4d?
-3cd2f
In base 6, what is 5503110 + 35414?
5542524
In base 8, what is -50124 - 1520?
-51644
In base 4, what is -1011 + 111110000232?
111103333221
In base 13, what is -251c5 + -2ba?
-254b2
In base 3, what is -2022211211 + 12002?
-2022122202
In base 15, what is 6ce + -184?
54a
In base 14, what is -113 + 20224?
20111
In base 5, what is -14421324 - -201130?
-14220144
In base 2, what is -1101 + 100100010100010010010?
100100010100010000101
In base 3, what is 1010 - 11001111220120?
-11001111212110
In base 2, what is -100011 - -1100000001100011100?
1100000001011111001
In base 10, what is -428 + 80180?
79752
In base 15, what is -2e3961b + -2?
-2e3961d
In base 10, what is 149554 - 895?
148659
In base 13, what is -9ac + a595?
98b6
In base 13, what is -12a5 + -a09?
-1cb1
In base 8, what is -353245006 - 12?
-353245020
In base 16, what is 122bd - 46c?
11e51
In base 6, what is -12 + -512542330?
-512542342
In base 6, what is 215440003 + 11?
215440014
In base 8, what is -6 + 7566702?
7566674
In base 4, what is 10013103330 - 102?
10013103222
In base 12, what is -10345 - 679?
-10a02
In base 4, what is 2103113111 - -1?
2103113112
In base 11, what is 1476 + 5564?
6a2a
In base 8, what is -4156776 + -5?
-4157003
In base 8, what is 752 + 15730?
16702
In base 5, what is -22 - -2014312141?
2014312114
In base 13, what is 4 + -a7142b1?
-a7142aa
In base 9, what is -4335 - 18520?
-23855
In base 9, what is 160234000 - -15?
160234015
In base 13, what is -7 - -2078459?
2078452
In base 7, what is -1400610 + -30?
-1400640
In base 10, what is -8 - 13427531?
-13427539
In base 11, what is 2a85629 - -13?
2a85641
In base 10, what is 4893995 + -183?
4893812
In base 13, w